s) = s + 2. Let c(u) = 6*u**2 + 4*u + 5. Let y(k) = -k**2. Let w(p) = c(p) + 5*y(p). Let d be w(-2). Let z be (-1)/((-1)/(3/d)). Determine v(z).
5
Let t(k) = k**3 - 2*k**2 - 2*k + 1. Let a(x) = x**2 + x + 2. Let f be a(-1). Let j be (-1)/((-35)/15 + f). Determine t(j).
4
Let o(x) = -11*x**2 + 4. Let b = 3987 - 3985. Calculate o(b).
-40
Let y(v) = -9*v - 2. Suppose -2*z + a + 4 = 0, -z + a = -2*z + 2. Give y(z).
-20
Let v(y) = -2*y - 10. Let q(d) = 7*d - 61. Let i = -24 - -33. Let l be q(i). Suppose 2*o + 0*o = -l*p - 20, 0 = 3*p + 4*o + 32. Determine v(p).
6
Let i = 16455 - 16455. Let o(h) = -h**3 + h**2 + 2*h + 5. Give o(i).
5
Let j(q) = -17*q**2 + q - 2. Suppose 626*x + 6 = 632*x. Give j(x).
-18
Let v be (0 - -1)*(6 - 0). Let n = 1500 - 1497. Let x(s) = 2 - 17*s - n + 2 + 18*s. Give x(v).
7
Let n(u) = u**2 - 8*u + 21. Suppose b - 36 = 2*v - 43, 3*v = -5*b + 30. Give n(b).
6
Let h(d) = -20*d - 12. Let u(o) = 9*o + 5. Let w(q) = 6*h(q) + 13*u(q). Let s be (-1 + 2)*(0 + 0). Let k be w(s). Let x(z) = 2*z + 10. What is x(k)?
-4
Suppose 13*n - 2*n - 3*n = -64. Let s(j) = 5*j + 42. What is s(n)?
2
Let y(k) = 63*k - 142. Let r(g) = -29*g + 67. Let s(t) = 13*r(t) + 6*y(t). Determine s(14).
33
Let l(k) = -1 + 1 - 1 - 7*k + k**2. Suppose 2*t - 85 = -15. Let q be 4/((120/t)/6). Determine l(q).
-1
Suppose -2*j = -k + 3*k + 4, -j - 20 = -5*k. Let c(p) be the third derivative of -1/6*p**4 + 0 - 1/60*p**5 + 17*p**2 + 0*p + 1/6*p**3. Calculate c(j).
-4
Let u be (216/(-5) + 4/20)/1. Let t(l) = -l**3 - 42*l**2 + 44*l + 46. What is t(u)?
3
Let y(d) = -d**2 - 4*d - 1. Let l = 42 - 27. Let m be (4 - -1)*(-9)/l. Give y(m).
2
Let o(y) be the first derivative of -y**4/4 + y**3/3 + 3*y**2/2 - y - 2009. Suppose -14 = -3*h - d, -5*h + 5*d = 1 + 9. What is o(h)?
-10
Let g be (1/(1/3) - 6) + 3. Let l be 0 + g + 12/(-4). Let h(o) be the second derivative of o**3/6 + 3*o**2 + 55*o. What is h(l)?
3
Let y(x) = -2*x**2 + 5*x - 4. Let b = 16 + -13. Suppose 2*l + b*k = -131, -3*k = -4*l - 6*k - 271. Let d = l - -73. Give y(d).
-7
Let x be (-5 + 2)*(-17)/51. Suppose -38 = 4*m + d + d, d + x = 0. Let j(w) = 2*w + 19. Determine j(m).
1
Let g(r) = -r + 2. Let o be ((-66)/(-55))/(3/40). Suppose -3*q - o = -a, -3*q - 4*a = -3 + 29. Determine g(q).
8
Let h(a) = 2*a + 2. Let l be 670/90 + -7 - (-64)/18. Let x be 351/15 - 3/(-5). Suppose 0 = -l*o + x - 16. What is h(o)?
6
Suppose 0 = 2*i - 6, -620*f = -618*f - 2*i + 16. Let o(d) = -7*d - 73. What is o(f)?
-38
Let n(i) be the third derivative of -9*i**2 + 0 - 1/24*i**4 + 1/3*i**3 + 0*i. Let y(o) = o**2 + 5*o - 13. Let f be y(-6). Determine n(f).
9
Suppose -7*w + 26*w + 203 = -10*w. Let z(y) = 2*y**2 + 14*y - 4. Calculate z(w).
-4
Let m(g) be the third derivative of -g**2 + 1/60*g**5 + 0*g + 1/3*g**3 + 0 + 7/24*g**4. Let c = 4128 - 4134. Calculate m(c).
-4
Let f(n) = 28*n - 1. Let v = 2387 + -2389. What is f(v)?
-57
Let w(g) be the third derivative of g**6/120 - g**5/5 + 3*g**4/8 + 10*g**3/3 + 184*g**2 + g. Determine w(11).
-2
Let m(f) be the third derivative of f**6/120 + 7*f**5/60 + 5*f**4/6 + 8*f**3 - 101*f**2 - 3. Give m(-5).
-2
Let d(r) = 4*r + 111. Let z be d(-27). Suppose 0 = u - 2, 3*n - z*u + 7 = -7*u. Let v(o) = o**3 + 4*o**2 - 4*o + 6. Determine v(n).
1
Let p(w) = -11*w**3 + 4*w**3 - 843 + w**2 - 3*w + 841 - 6*w**2 + 6*w**3. Give p(-4).
-6
Let c(k) = 2*k**2 - 8*k + 17. Suppose 4*b = -91209 + 91229. Give c(b).
27
Let v(h) = -33*h**3 - 12*h**2 + h. Let q(y) = -66*y**3 - 29*y**2 + 3*y. Let p(u) = 3*q(u) - 7*v(u). What is p(1)?
32
Let x(b) = -469168*b + 219 + 469157*b + 565. Give x(72).
-8
Let i(n) = 2 + n**3 + n**2 + 13*n**2 - 3*n**2. Let z be (3960/240)/((-6)/4). What is i(z)?
2
Let u(a) = 11*a**3 - 41*a**2 + 6*a - 9. Let q(v) = 3*v**3 - 11*v**2 + v - 3. Let t(j) = -7*q(j) + 2*u(j). Let p be 4/(-6) - (-28)/6. What is t(p)?
7
Let b(t) = -2 - t**3 - 3 + 8 + 7*t**2 - 9*t. Let l = 202 - 192. Let o(h) = 11*h - 104. Let g be o(l). Calculate b(g).
-15
Let q(k) = k - 1. Let p be (464/(-145))/(2/(-15)). Suppose 0 = 5*x + 3*g + 2 + 27, 0 = -3*x - 4*g - p. Determine q(x).
-5
Let i be (-8)/16 + (15/2)/(-5). Let y be (54/(-36))/(i/4). Let m(v) = -2*v - 1. Determine m(y).
-7
Let d(j) = 9*j**2 + 52*j - 9. Let g be 4/8*8*(-6)/2 + 6. What is d(g)?
3
Let q be 2 + (-2 - -4) - 4. Suppose q = -16*n + 10*n + 30. Let m(l) = 4*l + 0*l - 4*l - 4*l + n. Give m(5).
-15
Let g(f) = 19*f - 3*f - 11*f - 4*f - 15*f. Let t(d) = d**3 - 2*d**2 + 4*d - 2. Let i be t(2). Suppose -2 = -i*k + 4. Calculate g(k).
-14
Let z be (4/(-6))/2 + 14/6. Let a(n) = n**2 - 8*n**2 + 4*n**2 - n**3 + 4 + 7*n**z + 6*n. Calculate a(5).
9
Let l(c) be the third derivative of -1/60*c**5 + 7/24*c**4 + 0*c + 0 + 2/3*c**3 - 2*c**2. Let v be 11 - 44/(-4) - 16. Determine l(v).
10
Let i(j) = -23*j**3 + 5*j**2 + 2*j - 1. Let a(s) = 10*s**3 - 3*s**2. Let p(x) = -7*a(x) - 3*i(x). Calculate p(5).
-2
Let k = -4524 - -4523. Let g(u) = -32*u - 4. Determine g(k).
28
Let f(n) = 2*n**2 + 22*n - 7. Let t = -20268 + 20255. Give f(t).
45
Let l(a) = 3*a**3 + 8*a**2 - 45 - 2 + 3*a - 2 + 51. Calculate l(-3).
-16
Let k(x) = x + 2*x**2 - 2*x - 1 + 4 - 18. What is k(4)?
13
Let l(s) be the first derivative of -s**3/3 + 18*s**2 - 54*s + 4119. What is l(35)?
-19
Let h = -46 + 42. Let p be 0 + (-2 - 40/h). Suppose 18 = 11*s - p*s. Let a(m) = m**3 - 5*m**2 - 8*m - 1. Determine a(s).
-13
Let t(g) = -g**3 - 2*g**2 - g - 31. Let b(j) = j**3 - 25*j**2 + 12*j - 300. Let y be b(25). Determine t(y).
-31
Let q = 2682 + -2675. Let h(k) = -2 + 5 + 2*k + 2. Let y(x) = -x - 2. Let o(j) = -2*h(j) - 5*y(j). Calculate o(q).
7
Let c(p) = 17*p**3 - 5*p**2 + 9*p - 2. Let y(o) = 37*o**3 - 10*o**2 + 20*o - 4. Let j(q) = 13*c(q) - 6*y(q). Let v = -5 - -1. Calculate j(v).
-6
Let q be (-22)/(-8) + (-10)/(-8). Let h(g) = q*g**2 - 7*g - g + 0*g - 7 + g**3. Give h(-5).
8
Suppose -2*r = -3*i + 171, -3*r + 38 - 95 = -i. Suppose 2*g = 3*f - 19, -3*g + i = 4*f + f. Let j(z) = z**3 - 8*z**2 - 6*z - 12. Give j(f).
15
Let h be 55/(-7) + 3/(-21). Let m = h + 12. Let c(o) = -21*o + 8*o - o**3 + 8*o + 4 - 3*o**2 + 9*o**2. What is c(m)?
16
Let n(z) be the third derivative of 2*z**4/3 + 23*z**3/6 + 6877*z**2. Determine n(7).
135
Let l be (6/(-21))/(204/(-336) - 2/8). Let t(r) be the first derivative of 3 - 5*r - 7/2*r**2 - l*r**3. What is t(-4)?
7
Let u(h) = -2*h + 2*h - 2 + h**2 + 2*h. Let w(l) = -5*l - 45. Let a be w(-11). Suppose 0 = a*c - 7*c + 6. What is u(c)?
-2
Let d(s) = s**2 - 21 - 5*s - 9*s - 14*s + 42*s - 15*s. Calculate d(6).
9
Let f(u) = 2*u**3 - 29*u**2 + 42*u - 41. Let s(o) = o**3 - 10*o**2 - 9*o + 175. Let b be s(9). Give f(b).
-2
Let i(h) = -10*h - 3. Let k(s) = 36 - 8 - 37 - 29*s. Let j(b) = -17*i(b) + 6*k(b). What is j(-4)?
13
Let l(v) = -v**3 - 7*v**2 - 5*v - 3. Let m be l(-6). Let x(j) = 1705*j + 7. Let i(o) = 9378*o + 33. Let g(a) = -2*i(a) + 11*x(a). What is g(m)?
20
Let s = -4 - -7. Let p(i) = 2*i**3 - 1 - 15*i**2 - 5 + 23*i - 8*i - i**s - 7. Determine p(14).
1
Suppose 82*j - 84*j = -12. Let b be 44/j + 581/(-249). Let g(s) = s**2 - 5*s - 7. What is g(b)?
-7
Suppose -99*t + 25*t - 37*t = -888. Let w(s) = s**3 - 7*s**2 - 9*s. Give w(t).
-8
Let m(a) = -7*a**2 - a + 8*a**2 + 5*a. Let d = 31 + -39. Let n(z) = z**2 + 13*z + 37. Let i be n(d). Determine m(i).
-3
Let m = 14 - 12. Suppose 35*h = 38*h. Let l(g) = h*g - 3 + 4*g - 2*g**2 + 2*g**m - g**2. Give l(5).
-8
Let f(d) = -47*d - 187. Let p(h) = 51*h + 186. Let x(m) = 15*f(m) + 14*p(m). Give x(22).
-3
Let z(y) = -y**2 - y + 17. Let x be z(5). Let d(t) = t**2 + 11*t - 22. What is d(x)?
4
Let t(j) be the second derivative of -j**5/20 + 3*j**4/2 + j**3/2 - 28*j**2 - 2*j + 4046. Calculate t(18).
-2
Let k(w) be the second derivative of -1/24*w**4 + 9*w**2 + 14*w - 1/3*w**3 + 0. Let d(p) be the first derivative of k(p). What is d(-5)?
3
Let f be 73/((-1533)/126)*(-14)/(-6). Let k(y) = -y**3 - 13*y**2 + 17*y + 5. Give k(f).
-37
Let c(i) = -4*i**2 + 15*i + 3*i**3 - 4*i**3 - 10*i + 5. Let j be 160/12*(-12)/(-8)*2. Suppose -j = 9*u - u. Calculate c(u).
5
Let a be (1 - 1) + (-5 - -3 - -34). Let f be (30/4)/(8/a). Suppose f = -0*p + 6*p. Let z(b) = b**2 - 7*b - 2. Calculate z(p).
-12
Let v(h) = -h**3 + 10*h**2 + 45*h - 64. Let z = 40029 - 40016. Determine v(z).
14
Let h(o) be the first deriva